 + 4. Suppose 3*z = -2*g + 16, -2*g + 11 = -g + 3*z. Calculate r(g).
-6
Let q(o) = o**2 + 4*o + 3. Let p = -31 - -27. What is q(p)?
3
Suppose q - 24 = 5*q - 4*h, q - 3*h = -8. Let v(y) be the second derivative of -y**5/20 - 5*y**4/12 + y**2 + 4*y. Give v(q).
2
Suppose 5*x - 10*x + 45 = 0. Let f(i) = 3*i - 10. Determine f(x).
17
Let n(i) = -401 - 401 + 2*i + 812. What is n(-9)?
-8
Let x(o) = -5*o**2 + 2*o + 1. Let i be 12/(-54) + (-47)/(-9). Let b(h) = -h - 2. Let z be b(-6). Let j = z - i. Give x(j).
-6
Let t be 8/(-6)*3/(-1). Suppose t*g + 30 = -g. Let j(q) = -q**2 - q + 2. Let u(z) = -2*z**2 - 3*z + 5. Let w(i) = -5*j(i) + 3*u(i). What is w(g)?
-7
Let u(l) = l**3 - 3*l**2 + 2*l + 2. Suppose -4*j + 70 = 3*w - w, 3 = j. Let n = -19 + w. Let k be n/(-4)*(-12)/10. What is u(k)?
8
Let w(j) be the third derivative of j**5/30 + j**4/6 + j**3/2 + j**2 - 4. Determine w(-4).
19
Let o(z) be the third derivative of z**6/120 - z**5/10 + 5*z**4/24 - z**3 - 31*z**2. Let n = 13 - 8. Calculate o(n).
-6
Suppose 0 = -5*j - 28 - 2. Let d(b) = -b**2 - 5*b + 6. Calculate d(j).
0
Let l = -49 - -55. Let w(p) be the second derivative of -p**5/20 + p**4/2 + p**3/3 - 9*p**2/2 + 2*p. Determine w(l).
3
Let v be (0 + -2)/(5 - (8 - -3)). Let a(i) be the second derivative of 0 + v*i**3 + 1/2*i**2 - 3*i. Calculate a(-5).
-9
Suppose 0 = -3*c + 41 + 73. Let q(a) = -c*a + 8*a**2 + 38*a. Let y = -3 - -2. Determine q(y).
8
Let s = -35 + 18. Let v = -15 - s. Let m(u) = 2 + 3*u**2 - 4 - 2*u**2. Calculate m(v).
2
Let y = 31 + -21. Suppose -y = -5*s, 5*w + 2*s = 3*s + 13. Let m(z) = -z**3 + 3*z**2 - 3*z + 3. Give m(w).
-6
Let f(k) = -4*k + 3*k + 3*k - 4*k - 5. Let h be f(-4). Suppose -b = h*b. Let n(p) = p**3 - p + 4. Calculate n(b).
4
Let x(i) be the first derivative of -i**2/2 - 5*i - 3. Suppose y + n + 2 = 0, -3*y - 4*n = 2*y + 12. Calculate x(y).
-1
Suppose 0 = -2*w, 0*b + 4*w + 25 = 5*b. Let c(d) = 4*d + 0 + b*d**2 - 7*d**2 - 3. Calculate c(2).
-3
Let z(k) = 2*k + 6. Let o be z(-6). Let l(y) = 0 + 3 + y + 5. Give l(o).
2
Let h(n) = -n**2 - n - 1. Let q(l) = -l**3 + 3*l**2 + 6*l + 8. Let b = 0 - -1. Let c(i) = b*q(i) + 6*h(i). Let o be (-1 - 4)*6/10. Determine c(o).
2
Let t(n) = -2*n**3 - n**2 - 6*n + 6. Let w(i) = i**3 + i**2 + 3*i - 3. Let a(b) = 3*t(b) + 7*w(b). Suppose 0 = -0*p + 2*p + 6. Determine a(p).
-3
Let g(l) = -l + 2 + 4 + 0 + 2. Determine g(7).
1
Let j = 4 + -3. Let t(h) = -h**3 + 3*h**2 - 2*h + 1. Let r be t(j). Let z(i) = 7*i**3 + 2*i**2 - 1 + i**2 - 2*i**2. Determine z(r).
7
Suppose -2*c = -f + 3*f + 16, -4*f + c = 27. Let r(u) = -u**2 - 6*u + 1. Calculate r(f).
-6
Suppose 3*d = -4 - 14. Let a(x) be the first derivative of -x**4/4 - 5*x**3/3 + 7*x**2/2 - 3*x + 31. Determine a(d).
-9
Let c(j) = j + 1. Suppose 3*w = 14 - 5. Calculate c(w).
4
Let f(g) be the first derivative of g**4/4 + 2*g**3 + 3*g**2 + 3*g + 5. Let s be -6 - (-1 + -2 + 2). Determine f(s).
-2
Let d(r) = 38*r**2 - 4 + 3*r - 64*r**2 - r**3 + 29*r**2. Give d(3).
5
Let r = 0 - -3. Let p(n) be the first derivative of -2*n**2 - n + 34. Calculate p(r).
-13
Let m(b) be the third derivative of 5*b**4/24 - 3*b**2. Let d = -7 - -11. Suppose 5*i = -2*a - 12, 0*a - 3*i - 10 = d*a. Give m(a).
-5
Let j(p) = 3*p. Let s be 8/3 + 1/3. What is j(s)?
9
Let x(l) = 3*l**3 + 4*l**2 - l + 3. Suppose -1 = -3*n - 7. Let v(p) = 10*p**3 + 13*p**2 - 2*p + 10. Let c(m) = n*v(m) + 7*x(m). What is c(-3)?
1
Let i(d) = d + 4. Suppose p + 7 = -5*m, 3*m + 11 = -0*p - 4*p. Let c = 2 + p. Suppose 0*l + 3*l - 4*g + 4 = c, 0 = -2*l - 5*g + 5. Determine i(l).
4
Suppose -k = 4*x - 7, -2*k - 3*x + 3 + 6 = 0. Let g(d) be the first derivative of d**4/4 - 2*d**3/3 - d**2 + d + 1. Give g(k).
4
Let c(g) = -7 - 5*g**2 + 3 - g + 4. Let u = -2 - -3. Determine c(u).
-6
Suppose 5*v + 2*o = -28, -5*v - 3*o - 1 - 31 = 0. Let p(f) = f**3 + 4*f**2 - f - 3. Let r be p(v). Let n = 2 + r. Let u(l) = l + 4. What is u(n)?
7
Let a(q) = -q - 2. Let k(x) = -x**3 - x**2 - x + 8. Let g be k(4). Let f be (-2)/(-6) + g/12. Give a(f).
4
Let y(h) = h - 4. Let b = -68 + 68. Give y(b).
-4
Let h = -9 + 6. Let x = 1 + h. Let k be (-6)/(-2) - x/(-2). Let b(c) = -c**2 - 2. Give b(k).
-6
Let k(n) = n + 12. Let r(u) = -u - 3. Let p be r(3). Determine k(p).
6
Let h be ((-1)/(6/(-4)))/(12/36). Let i(y) = -y**3 + 4*y**2 - 2*y + 2. What is i(h)?
6
Let b(d) = -3*d**2 + 2*d + 5. Let y(q) = 1. Let j(k) = -b(k) + 4*y(k). Suppose 3*v - 1 = 3*c - c, 4*c = 3*v - 5. What is j(v)?
4
Let l(v) be the third derivative of v**6/120 + v**5/15 + v**4/8 + v**3/2 + v**2. What is l(-3)?
3
Let p(w) = w**3 + 3*w**2 - 2*w - 6. Let n(q) = -q - 13. Let l be n(-9). Give p(l).
-14
Let z(i) = i**3 + i**2 - i - 1. Suppose -12 = 3*y, -20 = -3*r - 3*y + 8*y. Let d = 5 - r. Suppose -20 = -4*l, -5*m + 2*l = d + 5. Give z(m).
-1
Let m(u) be the first derivative of u**3/3 + u + 1. Suppose 24*l + 42 = 3*l. What is m(l)?
5
Let a(v) be the second derivative of v**5/120 + v**4/24 - 2*v**3/3 + 6*v. Let h(r) be the second derivative of a(r). What is h(3)?
4
Let g = 6 - 2. Suppose z + g*z = -5. Let t be 2 + (0 + z)*-1. Let v(s) = s**2 - s - 3. Calculate v(t).
3
Let o(m) be the second derivative of m**6/240 - m**5/120 + m**4/3 - 2*m. Let l(i) be the third derivative of o(i). Calculate l(2).
5
Let l(x) = -3*x**2 + 1. Suppose -5*v = j - 5*j - 15, 3*v - 9 = -j. Suppose v = m + 5. Determine l(m).
-11
Let k(q) be the second derivative of q**5/20 - q**4/4 - 5*q**3/6 + 2*q**2 - 9*q - 2. Determine k(3).
-11
Let m(j) be the second derivative of -j**4/12 + 4*j**3/3 - 7*j**2/2 + 3*j. Determine m(6).
5
Let z(a) = a - 1. Let c(p) = 3*p**2 - 8*p - 4. Let n(f) = 2*f**2 - 5*f - 3. Let k(q) = -5*c(q) + 7*n(q). Let v be k(5). Let w be 4 + (v - 3 - -2). Give z(w).
1
Let n(f) = -f**2 + 9. Let m be n(3). Let l(a) = -a - 2. Calculate l(m).
-2
Suppose -2*p + 125 = 3*p. Let y(q) = -p*q + 46*q - 22*q. What is y(4)?
-4
Let m(q) = q**2 + 4*q - 17. Let l be m(3). Let v(z) be the third derivative of 0*z + 1/6*z**3 - 3*z**2 + 1/12*z**l + 0. Determine v(1).
3
Let d(x) be the second derivative of -x**5/20 - x**4/2 - x**3 + x**2/2 + 25*x. Calculate d(-5).
6
Suppose 4 = c + 2*c - x, -5*c + 10 = -5*x. Let u(j) = -9*j**2 - 1. What is u(c)?
-10
Let n(w) = -w**3 - 1 + 5*w + 6 + 0*w**3 - 5*w**2 - 4*w. Let k be (1 - 2)/(3/15). Give n(k).
0
Let d(w) be the third derivative of w**4/24 + 4*w**3/3 + w**2. Let s be 6/8*(-1 - -21). Suppose 3*b - f + 15 = 0, b - 4*f = -7*f - s. What is d(b)?
2
Let f(b) = 3*b**2 - 2*b + 5. Let m(u) = 2*u**2 - u + 2. Suppose 1 - 6 = d. Let p(w) = d*m(w) + 2*f(w). Determine p(-1).
-5
Let v be (5/(-3))/(75/(-90)). Let i(l) be the second derivative of -l**4/12 + l**3/3 - l**2 + l. Calculate i(v).
-2
Let m(o) = -o**2 - 7*o - 4. Let l be (4/3)/((-12)/54). Determine m(l).
2
Let q(w) = -w + 10. Let m be 4 - 3 - (-1 - (2 - -5)). What is q(m)?
1
Suppose 0 = 4*v + 5*c + 45, -2*v - 4*c - 30 = -0*v. Let q(d) = -4*d - 1. What is q(v)?
19
Let i(u) be the second derivative of 0 + 1/6*u**3 + 3*u**2 - u. Let f be 3*2/(-15)*(5 + 5). Give i(f).
2
Let y(w) = -w**2 + 6*w + 2. Let r be y(6). Let s(l) = l**2 - l**r + l**2 - l. Let u(h) = h**3 + 2*h**2 + 10*h. Let b(q) = 4*s(q) + u(q). Determine b(-5).
-5
Suppose -3*v - 2*o = o - 12, 0 = 3*v + 2*o - 8. Let u(c) = v*c**2 + 205 - 2*c - 202 - c**2. Give u(2).
-5
Let t = 2 - 7. Let u(k) = -5*k + 5. Let n(v) = -3*v + 3. Let j(o) = 7*n(o) - 4*u(o). Determine j(t).
6
Suppose 0 = -4*v - 2*n - 14, 7*n - 4*n + 17 = -5*v. Let m(h) = -2*h + 5. What is m(v)?
13
Let o(j) be the first derivative of -3*j**4/2 - j**2/2 - j + 1. Let b(c) = -c**2 - 20*c - 76. Let u be b(-15). Calculate o(u).
6
Let u = -5 + 1. Let w(k) be the first derivative of k**4/4 + 4*k**3/3 - k**2/2 - 42. Give w(u).
4
Let r(j) = j + 2. Let c be r(0). Let t be (-9*c)/(-3) - 2. Suppose -t*i - 4*b = i, b = 3*i. Let f(k) = k + 5. What is f(i)?
5
Suppose -2*h + 6 = h. Let w = 4 - 2. Let i(b) = 5 + 2*b**w + 2*b**h + b**2 - 5*b - b**3. Determine i(4).
1
Suppose t = 4*t - 3. Let g(b) = b - t - 1 + 3. Let l = 2 - 2. Determine g(l).
1
Let m(j) be the third derivative of -j**6/120 - j**5/60 - j**4/12 - j**3/2 - 10*j**2. Give m(-2).
5
Let v(z) = -7*z**3 + 2*z + 1. Let t = 3 - 1. Let m(y) = y - 9 - 4*y + 2*y + t*y. Let d be m(8). Determine v(d).
6
Let p(j) = -j**3